{"id":651,"date":"2022-08-22T11:49:10","date_gmt":"2022-08-22T09:49:10","guid":{"rendered":"https:\/\/ecogites.fermeduvieuxchene.fr\/ecogites\/?page_id=651"},"modified":"2022-08-22T12:07:59","modified_gmt":"2022-08-22T10:07:59","slug":"livre-dor","status":"publish","type":"page","link":"https:\/\/ecogites.fermeduvieuxchene.fr\/ecogites\/index.php\/livre-dor\/","title":{"rendered":"Livre d&rsquo;or"},"content":{"rendered":"\t\t<div data-elementor-type=\"wp-page\" data-elementor-id=\"651\" class=\"elementor elementor-651\">\n\t\t\t\t\t\t<section class=\"elementor-section elementor-top-section elementor-element elementor-element-51b71921 elementor-section-boxed elementor-section-height-default elementor-section-height-default\" data-id=\"51b71921\" data-element_type=\"section\" data-e-type=\"section\">\n\t\t\t\t\t\t<div class=\"elementor-container elementor-column-gap-default\">\n\t\t\t\t\t<div class=\"elementor-column elementor-col-100 elementor-top-column elementor-element elementor-element-4e2fe45\" data-id=\"4e2fe45\" data-element_type=\"column\" data-e-type=\"column\">\n\t\t\t<div class=\"elementor-widget-wrap elementor-element-populated\">\n\t\t\t\t\t\t<div class=\"elementor-element elementor-element-2f2e6d79 elementor-widget elementor-widget-text-editor\" data-id=\"2f2e6d79\" data-element_type=\"widget\" data-e-type=\"widget\" data-widget_type=\"text-editor.default\">\n\t\t\t\t<div class=\"elementor-widget-container\">\n\t\t\t\t\t\t\t\t\tIls en parlent, merci \u00e0 tous !\t\t\t\t\t\t\t\t<\/div>\n\t\t\t\t<\/div>\n\t\t\t\t\t<\/div>\n\t\t<\/div>\n\t\t\t\t\t<\/div>\n\t\t<\/section>\n\t\t\t\t<section class=\"elementor-section elementor-top-section elementor-element elementor-element-bbaf4a8 elementor-section-boxed elementor-section-height-default elementor-section-height-default\" data-id=\"bbaf4a8\" data-element_type=\"section\" data-e-type=\"section\">\n\t\t\t\t\t\t<div class=\"elementor-container elementor-column-gap-default\">\n\t\t\t\t\t<div class=\"elementor-column elementor-col-100 elementor-top-column elementor-element elementor-element-cec0d56\" data-id=\"cec0d56\" data-element_type=\"column\" data-e-type=\"column\">\n\t\t\t<div class=\"elementor-widget-wrap elementor-element-populated\">\n\t\t\t\t\t\t<div class=\"elementor-element elementor-element-035b355 elementor-widget-divider--view-line elementor-widget elementor-widget-divider\" data-id=\"035b355\" data-element_type=\"widget\" data-e-type=\"widget\" data-widget_type=\"divider.default\">\n\t\t\t\t<div class=\"elementor-widget-container\">\n\t\t\t\t\t\t\t<div class=\"elementor-divider\">\n\t\t\t<span class=\"elementor-divider-separator\">\n\t\t\t\t\t\t<\/span>\n\t\t<\/div>\n\t\t\t\t\t\t<\/div>\n\t\t\t\t<\/div>\n\t\t\t\t\t<\/div>\n\t\t<\/div>\n\t\t\t\t\t<\/div>\n\t\t<\/section>\n\t\t\t\t<section class=\"elementor-section elementor-top-section elementor-element elementor-element-94f2075 elementor-section-boxed elementor-section-height-default elementor-section-height-default\" data-id=\"94f2075\" data-element_type=\"section\" data-e-type=\"section\">\n\t\t\t\t\t\t<div class=\"elementor-container elementor-column-gap-default\">\n\t\t\t\t\t<div class=\"elementor-column elementor-col-100 elementor-top-column elementor-element elementor-element-97763de\" data-id=\"97763de\" data-element_type=\"column\" data-e-type=\"column\">\n\t\t\t<div class=\"elementor-widget-wrap elementor-element-populated\">\n\t\t\t\t\t\t<div class=\"elementor-element elementor-element-d9bbb07 elementor-widget elementor-widget-text-editor\" data-id=\"d9bbb07\" data-element_type=\"widget\" data-e-type=\"widget\" data-widget_type=\"text-editor.default\">\n\t\t\t\t<div class=\"elementor-widget-container\">\n\t\t\t\t\t\t\t\t\t<div class=\"col-md-2\">\n<p class=\"avis_pseudo\"><i class=\"fa fa-user left\"><\/i>Les Colcs<\/p>\n<i>S\u00e9jour en famille<\/i>\n<p class=\"noteGlobale\"><strong>Note globale :<br><\/strong>\n<i class=\"fa fa-star left\"><\/i><i class=\"fa fa-star left\"><\/i><i class=\"fa fa-star left\"><\/i><i class=\"fa fa-star left\"><\/i><i class=\"fa fa-star left\"><\/i><\/p>\n\n<\/div>\t\t\t\t\t\t\t\t<\/div>\n\t\t\t\t<\/div>\n\t\t\t\t\t<\/div>\n\t\t<\/div>\n\t\t\t\t\t<\/div>\n\t\t<\/section>\n\t\t\t\t<section class=\"elementor-section elementor-top-section elementor-element elementor-element-d057054 elementor-section-boxed elementor-section-height-default elementor-section-height-default\" data-id=\"d057054\" data-element_type=\"section\" data-e-type=\"section\">\n\t\t\t\t\t\t<div class=\"elementor-container elementor-column-gap-default\">\n\t\t\t\t\t<div class=\"elementor-column elementor-col-100 elementor-top-column elementor-element elementor-element-46076a8\" data-id=\"46076a8\" data-element_type=\"column\" data-e-type=\"column\">\n\t\t\t<div class=\"elementor-widget-wrap elementor-element-populated\">\n\t\t\t\t\t\t<div class=\"elementor-element elementor-element-95b93b2 elementor-widget elementor-widget-text-editor\" data-id=\"95b93b2\" data-element_type=\"widget\" data-e-type=\"widget\" data-widget_type=\"text-editor.default\">\n\t\t\t\t<div class=\"elementor-widget-container\">\n\t\t\t\t\t\t\t\t\t<p class=\"avis_titre\">Super s\u00e9jour!<\/p><p>Un merveilleux s\u00e9jour en famille dans un tr\u00e8s beau cadre \u00ab\u00a0Nature\u00a0\u00bb. Un accueil tr\u00e8s sympa et attentif de Mathias et Charline. Au del\u00e0 ce \u00e7a une belle rencontre humaine avec des personnes passionn\u00e9es par leur m\u00e9tier. Des beaux \u00e9changes, des beaux partages&#8230; Merci! Une belle \u00e9cole de sensibilisation \u00e9cologique &#8230; on repart avec des \u00ab\u00a0lignes \u00a0\u00bb qui ont boug\u00e9! Gite tr\u00e8s agr\u00e9able, tr\u00e8s beau dans les mat\u00e9riaux choisis, agr\u00e9able \u00e0 vivre en famille. Une belle r\u00e9gion \u00e0 d\u00e9couvrir avec des activit\u00e9s vari\u00e9es, balades, v\u00e9lo, marais poitevin, oc\u00e9an&#8230; Au top ! On recommande!!! encore merci Mathias et Charline et Bravo de ce que vous faites !<\/p>\t\t\t\t\t\t\t\t<\/div>\n\t\t\t\t<\/div>\n\t\t\t\t\t<\/div>\n\t\t<\/div>\n\t\t\t\t\t<\/div>\n\t\t<\/section>\n\t\t\t\t<section class=\"elementor-section elementor-top-section elementor-element elementor-element-31768ea elementor-section-boxed elementor-section-height-default elementor-section-height-default\" data-id=\"31768ea\" data-element_type=\"section\" data-e-type=\"section\">\n\t\t\t\t\t\t<div class=\"elementor-container elementor-column-gap-default\">\n\t\t\t\t\t<div class=\"elementor-column elementor-col-100 elementor-top-column elementor-element elementor-element-edaee2d\" data-id=\"edaee2d\" data-element_type=\"column\" data-e-type=\"column\">\n\t\t\t<div class=\"elementor-widget-wrap elementor-element-populated\">\n\t\t\t\t\t\t<div class=\"elementor-element elementor-element-d29d61f elementor-widget-divider--view-line elementor-widget elementor-widget-divider\" data-id=\"d29d61f\" data-element_type=\"widget\" data-e-type=\"widget\" data-widget_type=\"divider.default\">\n\t\t\t\t<div class=\"elementor-widget-container\">\n\t\t\t\t\t\t\t<div class=\"elementor-divider\">\n\t\t\t<span class=\"elementor-divider-separator\">\n\t\t\t\t\t\t<\/span>\n\t\t<\/div>\n\t\t\t\t\t\t<\/div>\n\t\t\t\t<\/div>\n\t\t\t\t\t<\/div>\n\t\t<\/div>\n\t\t\t\t\t<\/div>\n\t\t<\/section>\n\t\t\t\t<section class=\"elementor-section elementor-top-section elementor-element elementor-element-307bb32 elementor-section-boxed elementor-section-height-default elementor-section-height-default\" data-id=\"307bb32\" data-element_type=\"section\" data-e-type=\"section\">\n\t\t\t\t\t\t<div class=\"elementor-container elementor-column-gap-default\">\n\t\t\t\t\t<div class=\"elementor-column elementor-col-100 elementor-top-column elementor-element elementor-element-ab7bb66\" data-id=\"ab7bb66\" data-element_type=\"column\" data-e-type=\"column\">\n\t\t\t<div class=\"elementor-widget-wrap elementor-element-populated\">\n\t\t\t\t\t\t<div class=\"elementor-element elementor-element-d239fbc elementor-widget elementor-widget-text-editor\" data-id=\"d239fbc\" data-element_type=\"widget\" data-e-type=\"widget\" data-widget_type=\"text-editor.default\">\n\t\t\t\t<div class=\"elementor-widget-container\">\n\t\t\t\t\t\t\t\t\t<div class=\"col-md-2\">\n<p class=\"avis_pseudo\"><i class=\"fa fa-user left\"><\/i>C\u00e9line<\/p>\n<i>S\u00e9jour en famille<\/i>\n<p class=\"noteGlobale\"><strong>Note globale :<br><\/strong>\n<i class=\"fa fa-star left\"><\/i><i class=\"fa fa-star left\"><\/i><i class=\"fa fa-star left\"><\/i><i class=\"fa fa-star left\"><\/i><i class=\"fa fa-star left\"><\/i><\/p>\n\n<\/div>\t\t\t\t\t\t\t\t<\/div>\n\t\t\t\t<\/div>\n\t\t\t\t\t<\/div>\n\t\t<\/div>\n\t\t\t\t\t<\/div>\n\t\t<\/section>\n\t\t\t\t<section class=\"elementor-section elementor-top-section elementor-element elementor-element-91950cb elementor-section-boxed elementor-section-height-default elementor-section-height-default\" data-id=\"91950cb\" data-element_type=\"section\" data-e-type=\"section\">\n\t\t\t\t\t\t<div class=\"elementor-container elementor-column-gap-default\">\n\t\t\t\t\t<div class=\"elementor-column elementor-col-100 elementor-top-column elementor-element elementor-element-b4e7e9b\" data-id=\"b4e7e9b\" data-element_type=\"column\" data-e-type=\"column\">\n\t\t\t<div class=\"elementor-widget-wrap elementor-element-populated\">\n\t\t\t\t\t\t<div class=\"elementor-element elementor-element-bd247c1 elementor-widget elementor-widget-text-editor\" data-id=\"bd247c1\" data-element_type=\"widget\" data-e-type=\"widget\" data-widget_type=\"text-editor.default\">\n\t\t\t\t<div class=\"elementor-widget-container\">\n\t\t\t\t\t\t\t\t\t<p class=\"avis_titre\">Super<\/p><p>Je recommande ce g\u00eete o\u00f9 nous avons pass\u00e9 un bon s\u00e9jour. Le g\u00eete est tr\u00e8s agr\u00e9able et chaleureux de part notamment de sa composition faite de mat\u00e9riaux naturels. De jolies choses \u00e0 voir et \u00e0 visiter dans le secteur. Mathias, le propri\u00e9taire, est tr\u00e8s sympathique et disponible. Vraiment, allez-y !!!<\/p>\t\t\t\t\t\t\t\t<\/div>\n\t\t\t\t<\/div>\n\t\t\t\t\t<\/div>\n\t\t<\/div>\n\t\t\t\t\t<\/div>\n\t\t<\/section>\n\t\t\t\t<section class=\"elementor-section elementor-top-section elementor-element elementor-element-20db9d5 elementor-section-boxed elementor-section-height-default elementor-section-height-default\" data-id=\"20db9d5\" data-element_type=\"section\" data-e-type=\"section\">\n\t\t\t\t\t\t<div class=\"elementor-container elementor-column-gap-default\">\n\t\t\t\t\t<div class=\"elementor-column elementor-col-100 elementor-top-column elementor-element elementor-element-c669219\" data-id=\"c669219\" data-element_type=\"column\" data-e-type=\"column\">\n\t\t\t<div class=\"elementor-widget-wrap elementor-element-populated\">\n\t\t\t\t\t\t<div class=\"elementor-element elementor-element-3afd223 elementor-widget-divider--view-line elementor-widget elementor-widget-divider\" data-id=\"3afd223\" data-element_type=\"widget\" data-e-type=\"widget\" data-widget_type=\"divider.default\">\n\t\t\t\t<div class=\"elementor-widget-container\">\n\t\t\t\t\t\t\t<div class=\"elementor-divider\">\n\t\t\t<span class=\"elementor-divider-separator\">\n\t\t\t\t\t\t<\/span>\n\t\t<\/div>\n\t\t\t\t\t\t<\/div>\n\t\t\t\t<\/div>\n\t\t\t\t\t<\/div>\n\t\t<\/div>\n\t\t\t\t\t<\/div>\n\t\t<\/section>\n\t\t\t\t<section class=\"elementor-section elementor-top-section elementor-element elementor-element-f057ebc elementor-section-boxed elementor-section-height-default elementor-section-height-default\" data-id=\"f057ebc\" data-element_type=\"section\" data-e-type=\"section\">\n\t\t\t\t\t\t<div class=\"elementor-container elementor-column-gap-default\">\n\t\t\t\t\t<div class=\"elementor-column elementor-col-100 elementor-top-column elementor-element elementor-element-f7185d2\" data-id=\"f7185d2\" data-element_type=\"column\" data-e-type=\"column\">\n\t\t\t<div class=\"elementor-widget-wrap elementor-element-populated\">\n\t\t\t\t\t\t<div class=\"elementor-element elementor-element-4202a75 elementor-widget elementor-widget-text-editor\" data-id=\"4202a75\" data-element_type=\"widget\" data-e-type=\"widget\" data-widget_type=\"text-editor.default\">\n\t\t\t\t<div class=\"elementor-widget-container\">\n\t\t\t\t\t\t\t\t\t<p class=\"avis_pseudo\">FabCan<\/p>\n<i>S\u00e9jour en couple<\/i>\n<p class=\"noteGlobale\"><strong>Note globale :<br><\/strong>\n<i class=\"fa fa-star left\"><\/i><i class=\"fa fa-star left\"><\/i><i class=\"fa fa-star left\"><\/i><i class=\"fa fa-star left\"><\/i><i class=\"fa fa-star left\"><\/i><\/p>\t\t\t\t\t\t\t\t<\/div>\n\t\t\t\t<\/div>\n\t\t\t\t\t<\/div>\n\t\t<\/div>\n\t\t\t\t\t<\/div>\n\t\t<\/section>\n\t\t\t\t<section class=\"elementor-section elementor-top-section elementor-element elementor-element-c444dd2 elementor-section-boxed elementor-section-height-default elementor-section-height-default\" data-id=\"c444dd2\" data-element_type=\"section\" data-e-type=\"section\">\n\t\t\t\t\t\t<div class=\"elementor-container elementor-column-gap-default\">\n\t\t\t\t\t<div class=\"elementor-column elementor-col-100 elementor-top-column elementor-element elementor-element-a24a471\" data-id=\"a24a471\" data-element_type=\"column\" data-e-type=\"column\">\n\t\t\t<div class=\"elementor-widget-wrap elementor-element-populated\">\n\t\t\t\t\t\t<div class=\"elementor-element elementor-element-e07207a elementor-widget elementor-widget-text-editor\" data-id=\"e07207a\" data-element_type=\"widget\" data-e-type=\"widget\" data-widget_type=\"text-editor.default\">\n\t\t\t\t<div class=\"elementor-widget-container\">\n\t\t\t\t\t\t\t\t\t<p class=\"avis_titre\">vacances de \u00ab\u00a0charme\u00a0\u00bb<\/p><p>Un accueil chaleureux , un propri\u00e9taire passionn\u00e9, \u00e0 l&rsquo;\u00e9coute et disponible, d\u00e9sireux que les locataires passent un merveilleux s\u00e9jour et se sentent bien. Une belle rencontre. Un gite tr\u00e8s propre, d\u00e9cor\u00e9 avec beaucoup de go\u00fbt, avec tout le confort n\u00e9cessaire (y compris lave linge et s\u00e8che linge) Un cadre agr\u00e9able et un environnement calme. Des petits plus non n\u00e9gligeables : table de ping-pong, salon de jardin, livres et for\u00eat \u00e0 1mn. Un s\u00e9jour reposant, et ressour\u00e7ant.<\/p>\t\t\t\t\t\t\t\t<\/div>\n\t\t\t\t<\/div>\n\t\t\t\t\t<\/div>\n\t\t<\/div>\n\t\t\t\t\t<\/div>\n\t\t<\/section>\n\t\t\t\t<\/div>\n\t\t","protected":false},"excerpt":{"rendered":"<p>Ils en parlent, merci \u00e0 tous ! Les Colcs S\u00e9jour en famille Note globale : Super s\u00e9jour! Un merveilleux s\u00e9jour en famille dans un tr\u00e8s beau cadre \u00ab\u00a0Nature\u00a0\u00bb. Un accueil tr\u00e8s sympa et attentif de Mathias et Charline. Au del\u00e0 ce \u00e7a une belle rencontre humaine avec des personnes passionn\u00e9es par leur m\u00e9tier. Des beaux [&hellip;]<\/p>\n","protected":false},"author":1,"featured_media":0,"parent":0,"menu_order":0,"comment_status":"closed","ping_status":"closed","template":"","meta":{"advanced_seo_description":"","jetpack_seo_html_title":"","jetpack_seo_noindex":false,"footnotes":""},"folder":[10],"class_list":["post-651","page","type-page","status-publish","hentry"],"jetpack_sharing_enabled":true,"_links":{"self":[{"href":"https:\/\/ecogites.fermeduvieuxchene.fr\/ecogites\/index.php\/wp-json\/wp\/v2\/pages\/651","targetHints":{"allow":["GET"]}}],"collection":[{"href":"https:\/\/ecogites.fermeduvieuxchene.fr\/ecogites\/index.php\/wp-json\/wp\/v2\/pages"}],"about":[{"href":"https:\/\/ecogites.fermeduvieuxchene.fr\/ecogites\/index.php\/wp-json\/wp\/v2\/types\/page"}],"author":[{"embeddable":true,"href":"https:\/\/ecogites.fermeduvieuxchene.fr\/ecogites\/index.php\/wp-json\/wp\/v2\/users\/1"}],"replies":[{"embeddable":true,"href":"https:\/\/ecogites.fermeduvieuxchene.fr\/ecogites\/index.php\/wp-json\/wp\/v2\/comments?post=651"}],"version-history":[{"count":5,"href":"https:\/\/ecogites.fermeduvieuxchene.fr\/ecogites\/index.php\/wp-json\/wp\/v2\/pages\/651\/revisions"}],"predecessor-version":[{"id":660,"href":"https:\/\/ecogites.fermeduvieuxchene.fr\/ecogites\/index.php\/wp-json\/wp\/v2\/pages\/651\/revisions\/660"}],"wp:attachment":[{"href":"https:\/\/ecogites.fermeduvieuxchene.fr\/ecogites\/index.php\/wp-json\/wp\/v2\/media?parent=651"}],"wp:term":[{"taxonomy":"folder","embeddable":true,"href":"https:\/\/ecogites.fermeduvieuxchene.fr\/ecogites\/index.php\/wp-json\/wp\/v2\/folder?post=651"}],"curies":[{"name":"wp","href":"https:\/\/api.w.org\/{rel}","templated":true}]}}